se 5*q - 8 + 108 = 0. Let s = -19 + -1. Let r = s - q. Determine f(r).
8
Suppose 5*l + l = 12. Let g(p) be the third derivative of 7/6*p**3 + 0 + l*p**2 + 0*p + 1/8*p**4. Calculate g(-5).
-8
Suppose l = -4*l - 30. Let b(y) = -4*y - 2. Let j(h) = 5*h + 3. Let z(f) = l*b(f) - 5*j(f). Determine z(-4).
1
Let c be 13 - (-4 + 9) - 13. Let r(d) = -d**3 - 7*d**2 - 5*d. Calculate r(c).
-25
Let j(z) be the third derivative of -z**5/60 - 5*z**4/24 + z**3/3 + 16*z**2 + 1. What is j(-4)?
6
Let h(d) = -2*d + 2 + 0 + 4 - 5 + 7*d**2. Suppose -5*u - 5 = -0*u. Let t(b) = -b. Let w be t(u). Calculate h(w).
6
Let m(r) be the third derivative of -r**4/3 - r**3/6 + 4*r**2 - 26*r. What is m(-2)?
15
Let i(z) = -z**2 + 9*z - 13. Let t be i(4). Suppose -11*d = 4 + t. Let g(l) = -l**2 - 1. Determine g(d).
-2
Let u(a) = -8*a - 70. Let l be u(-8). Let g(v) = -v**2 - 5*v + 4. Calculate g(l).
-2
Suppose -3*b = -323 + 311. Let g(i) = i**3 - 4*i**2 - 6*i + 6. Give g(b).
-18
Let r(n) be the second derivative of 5*n**4/12 - n**2/2 + 3*n. Let j be r(1). Suppose 8 = -4*x - j. Let k(s) = -s**3 - 3*s**2 + s - 3. Calculate k(x).
-6
Let n be (6 + -4 - 2)*1. Suppose -q - 3*o - 4 = n, 4*q + 0*q = o + 10. Let r(l) = 4*l + 5*l**q - 4 + 11 - 2*l - 6. Determine r(-1).
4
Let g(w) = w**3 - 1 - 1964*w**2 - 2*w - 16*w**3 + 1962*w**2. Calculate g(-1).
14
Let n(x) = -x**2 - 8*x - 5. Let p = -15 + 10. Let g(m) = 3*m**2 + 17*m + 9. Let l(f) = p*n(f) - 2*g(f). What is l(5)?
12
Let b = -32 + 40. Suppose b*v - 7*v = 9. Let c(f) = -f + 4. Calculate c(v).
-5
Let q(z) = z**3 + 20*z**2 - 96*z - 4. Let i be q(-24). Let v(w) = w**3 + 2*w**2 - 6*w + 7. Determine v(i).
-1
Suppose 0*m + 4*m = 0. Suppose -5*b + 4 = v, m = -5*v - 5*b + 2*b + 20. Let y(f) be the second derivative of -f**4/12 + 5*f**3/6 + f**2 + 2*f. Determine y(v).
6
Let c(q) be the third derivative of q**4/12 + q**3 - 2*q**2. Let t be 238/8 - (-33)/(-44). Suppose -t = 5*n - u, 5*u + 3 + 2 = 0. What is c(n)?
-6
Suppose i - 15 = 2*l - 28, -i + 29 = 4*l. Let a(p) = p**3 - 7*p**2 - 8. What is a(l)?
-8
Let z(s) = -2*s - 1. Let a = -111 + 67. Suppose 8*i = 5 + 11. Let f be i/(-5) + a/(-10). Give z(f).
-9
Let b(j) = 27 + 12*j - 8 - 4 - 10 - 7. Calculate b(-2).
-26
Suppose 0 = 19*z - 17*z - 4. Let v be (-7)/(-14) - (-3)/z. Let k(y) = -y**3 + 3*y**2 - 3*y + 3. Determine k(v).
1
Let c be (112/(-42))/(4/(-6)). Suppose -2*q = 2*q - c, -6 = -r + q. Let j(w) = -w**3 + 8*w**2 - 7*w - 3. What is j(r)?
-3
Let j(o) = -5 + o - 3 + 8 + 1. Let f = 25 - 22. Suppose 5*l = -f*s + 16, -5*l + 5 + 29 = -3*s. Give j(l).
6
Let n(k) = -k + 5. Let g(s) = -2*s - 1. Let v(i) = -2*g(i) - n(i). Determine v(3).
12
Let c(g) = 4*g + 12. Let w = -462 + 458. Give c(w).
-4
Let y(z) be the second derivative of 0 + 2*z + 1/6*z**3 - 1/2*z**2. Let i(p) = -p**3 - 13*p**2 - 22*p + 2. Let j be i(-11). Give y(j).
1
Let h(t) be the second derivative of t**4/3 - t**3/3 + 3*t**2 - 178*t. Give h(4).
62
Let p = -3 + 1. Let s(o) be the second derivative of -1/12*o**4 + 0 - 1/3*o**3 - 16*o + o**2. Give s(p).
2
Let i(s) be the second derivative of 0*s**2 + 1/120*s**5 + 7/12*s**4 + 0*s**3 - 1/180*s**6 - 4*s + 0. Let w(u) be the third derivative of i(u). What is w(2)?
-7
Let z(x) = -x**2 + 5*x + 8. Suppose 0 = -4*a - 3*u - 14, 2*a + 4*u - u + 4 = 0. Let h be (-20)/(-8)*(-12)/a. Give z(h).
2
Let p(k) = 3*k + 3*k + 5*k + 24 - 49 - 7*k. Determine p(7).
3
Let c(k) be the third derivative of k**4/24 + 5*k**3/6 - 82*k**2. What is c(6)?
11
Let a(x) = -x**2 + 25*x + 34. Let j be (308/693)/(2/117). Determine a(j).
8
Let m(g) = 2. Let a(c) = -4*c + 6. Let p(l) = a(l) - 6*m(l). Determine p(-3).
6
Let g(h) = h**2 - 6*h. Let j be 1/((2/(-10))/(-1)). Let l(m) = -2*m**2 + 14*m - 10. Let p be l(6). Suppose -p*c + 19 = j. What is g(c)?
7
Let n(q) = -q - 6. Suppose -5*f + 18 = -57. Suppose f = 5*a - 15. Calculate n(a).
-12
Let x(p) = 0*p - p - 3*p + 3*p. Suppose -s + 4*c = 11, -c - 2*c = 2*s - 22. Suppose k + 2*k + 4*f - 9 = 0, -4*k + s*f + 12 = 0. Determine x(k).
-3
Let d(o) = -o + 15. Let j be 6/18 - 58/(-6). Give d(j).
5
Let j(m) be the second derivative of 5*m**5/4 + m**4/12 - m**3/6 + m**2/2 + 53*m. Calculate j(1).
26
Let g(v) = -v. Let l(w) = 8*w + 6. Let h(x) = -12*g(x) - l(x). Let b be h(7). Let r(j) = -5*j + 18 - j + j**2 - b + 4*j. Calculate r(4).
4
Let p(a) be the second derivative of -a**5/20 + 5*a**4/12 + a**3/2 - 11*a**2/2 + 93*a - 1. Determine p(5).
4
Suppose 0 = -220*n + 214*n - 30. Let h(t) = t**3 + 5*t**2 - 6. Give h(n).
-6
Let z(h) = -h**2 - h + 7. Let l(i) = 2*i**2 + i - 10. Let g(x) = 5*l(x) + 7*z(x). What is g(-2)?
15
Let n(l) be the first derivative of l**3/3 + 5*l**2/2 + 2. Let g(d) be the first derivative of -d**4/4 + 3*d**2/2 - 2*d - 10. Let j be g(2). Calculate n(j).
-4
Suppose 3*b - 7*b + 16 = 5*k, 4*k - 2*b = 18. Let r be (23/2)/(2/k). Let f(u) = 2 - r*u + 25*u + 2*u**2 + 2. Calculate f(-3).
16
Let a(p) be the first derivative of p**5/20 + p**4/12 + p**3/6 + p**2/2 - 12*p - 9. Let u(m) be the first derivative of a(m). Determine u(-1).
0
Suppose -9*k + 10*k + 4 = 0. Let w be -7*(-2)/(-4)*2. Let d = w - k. Let r(f) = f - 4. What is r(d)?
-7
Let h(n) = n**2 - n - 1. Let j be 34/(-10) + 99/(-165). Give h(j).
19
Let r(s) = -8 + 5 + 3 - 1 - 2*s**2 + 11*s. What is r(5)?
4
Let c(m) = m**3 - 7*m**2 - 2*m + 9. Let f = -18 + 22. Let l = f + -18. Let i be (l/3)/(2/(-3)). Calculate c(i).
-5
Let g = 102 - 101. Let a be (10 - 9)/(g*2/(-6)). Let r(p) = p**3 + 2*p**2 - 3*p - 3. Calculate r(a).
-3
Let g(w) = 5*w**2 - 2*w - 7. Let u(q) = 1498 - 5*q - 1504 + 4*q + 4*q**2. Let k(n) = n**2 + n + 2. Let b be k(0). Let x(r) = b*g(r) - 3*u(r). Determine x(3).
-17
Suppose 0 = 2*o + 4*o + 72. Let z(p) = p**3 + 12*p**2 - p - 17. Give z(o).
-5
Let l(w) = -w**3 + 6*w**2 - w - 6. Suppose -16 = -4*q, 4*q + 10 = z - 2. Let g = 34 - z. What is l(g)?
-12
Let w(i) be the first derivative of -i**4/4 - 2*i**3/3 - i**2 + 8*i - 16. Let m(n) = -n**3 - 3*n**2 - 3*n + 9. Let o(f) = 2*m(f) - 3*w(f). Determine o(0).
-6
Let w(i) = -10*i**2 - 11*i + 2. Let r(t) = -16*t**2 - 21*t + 5. Let d(f) = 3*r(f) - 5*w(f). Determine d(4).
5
Suppose -43*f - 2 = -44*f. Let u(o) = -10*o + 3*o + f*o + 4*o + 20. What is u(0)?
20
Let h(k) = -k**3 - 4*k**2. Let a be 4/8*(2 - 8). Calculate h(a).
-9
Let u(i) = 4*i - 31. Suppose 2 = -l, -12 = -147*a + 146*a + 2*l. Determine u(a).
1
Suppose -27 = -3*g + 4*j, -g + 2*j = g - 16. Let l(i) = -i**2 + 7*i - 3. What is l(g)?
7
Let h(l) = 11*l + 2. Let v(s) = -4*s + 1. Let d(x) = -h(x) - 3*v(x). Suppose 0 = o - 3 + 1. Let n be 1/3 - o/6. What is d(n)?
-5
Let k(d) = -d + 1. Let x(s) = -9*s + 6. Let v(o) = -3*k(o) + x(o). Let b be 65/15 + (-1)/3. Suppose -b = -4*j + 4. What is v(j)?
-9
Let c(a) be the second derivative of -a**3/6 - 3*a**2 + 125*a. What is c(-2)?
-4
Let c = 0 - 0. Let g(l) be the first derivative of l**3/6 - l - 11. Let f(u) be the first derivative of g(u). Calculate f(c).
0
Let q = -57 + 59. Let u(m) = -q*m + 0 + 0 + m - 1. What is u(-1)?
0
Let j(y) = -5*y**2. Suppose 6*m + 20 = 11*m. Suppose -m*l + s + 8 = 0, l + l + s - 4 = 0. Suppose -r + 9 = -2*h, 3*r - 13 = 6*r + l*h. Calculate j(r).
-5
Let w = -1409 + 1410. Let l(y) = -4*y**2 + 3*y - 2. What is l(w)?
-3
Let f(i) = 90*i + 2 + 4 - 46*i - 38*i. Give f(-7).
-36
Let p(z) be the second derivative of z**4/12 + 5*z**3/6 - 7*z**2/2 + z. Let k(c) = 3*c - 3. Let i(o) = 2*o - 7. Let x be i(3). Let b be k(x). Calculate p(b).
-1
Let f(d) = -4*d**3 - 5*d**2 + 4*d. Let q(r) = 9*r**3 + 10*r**2 - 7*r. Let u(y) = -7*f(y) - 3*q(y). Suppose 0 = 5*l - 25, 55*l = 5*i + 51*l + 50. Calculate u(i).
6
Let z(f) = 3*f - 3*f - 11*f**2 + 11 - 6*f + 13*f**2. Let o(b) = -b**2 + 6*b - 10. Let l(y) = -3*o(y) - 2*z(y). Calculate l(-6).
8
Suppose -q + 3*q - 12 = 0. Let k(d) = -q*d**2 + 5*d**2 - 2 + 0. Calculate k(-3).
-11
Let k(q) = -8*q**3 - 81*q**2 - 51*q + 31. Let d(x) = -2*x**3 - 20*x**2 - 13*x + 8. Let y(n) = -11*d(n) + 3*k(n). Give y(-11).
-6
Let o(r) = -r**3 - 8*r**2 + 10*r + 7. Suppose 0 = 3*k + 10 + 17. What is o(k)?
-2
Let d(i) = 3*i**3 - 5*i**2 + 15*i + 12. Let v(r) = -r**3 + 3*r**2 - 7*r - 6. Let k(n) = -2*d(n) - 5*v(n). Suppose 340 - 350 = 2*t. What is k(t)?
-19
Let x(g) = -g**3 - 3*g**2 - 10. Suppose -b = 5*y + 9, -5*b - 4*y + 11 = 35. What is x(b)?
6
Let t = -3 + 